g**2 - 3*g - 6. Let f be i(5). Suppose 2*q + 5*m = f, 2*m - 166 = -5*q - 0*m. List the prime factors of q.
2
Let d(w) = -w**2 + 5*w. Let t be d(5). Let g = 3 + 5. Let h = g + t. What are the prime factors of h?
2
Suppose -22 + 7 = -3*d. Let j = 0 + d. Suppose -v + 0*o = -5*o - 20, j*v + 3*o - 16 = 0. What are the prime factors of v?
5
Suppose -3*q = -5*n + 78, 2*q - 5*n + 46 = -1. Let c = 54 + q. What are the prime factors of c?
23
Let x(f) be the second derivative of f**6/720 - f**5/40 + f**4/12 - 2*f. Let y(m) be the third derivative of x(m). What are the prime factors of y(5)?
2
Let k = -359 + 569. List the prime factors of k.
2, 3, 5, 7
Suppose f = 3*m - 11, -m - 3*f - f = -8. Suppose -m = i - 21. List the prime factors of i.
17
Suppose -76 - 136 = -4*k. What are the prime factors of k?
53
Let f = -13 + 22. Let r be (-3)/f*-3 + 1. Suppose 2*j = -j + 2*b + 42, -5*j = r*b - 70. List the prime factors of j.
2, 7
Let n(p) = p + 1. Let h(y) = y**3 - 10*y**2 + 8*y + 10. Let m be h(9). What are the prime factors of n(m)?
2
Suppose 0 = 7*k - 5*k. Suppose -18 = -3*u - k*u. List the prime factors of u.
2, 3
Let b be 3/(-12) + (-27)/(-12). Suppose 0 = -3*l + 5*h - 259, h + 5 = b*h. What are the prime factors of (l/3)/(-1 + -1)?
13
Let q be (-6)/8 - 249/(-12). Suppose -3*n = n - q. What are the prime factors of n?
5
Suppose -2*i + 24 = -4*b, -4*i + 24 = -b - b. Suppose i*p + 5 - 65 = 0. What are the prime factors of p?
3, 5
Suppose 0 = -b + 6 + 19. What are the prime factors of b?
5
Suppose 3*a - 185 - 436 = 0. What are the prime factors of a?
3, 23
Suppose -2*o = -4*t - 15 - 69, -89 = -2*o + 5*t. Suppose -m = -y + 50, 0 = 3*y + 5*m - 78 - o. List the prime factors of y.
3, 5
Let k be (-102)/(-9) - 4/(-6). What are the prime factors of 2/((k/33)/2)?
11
Suppose 2*r + 4*b + b = -21, 2*b + 12 = r. Suppose r*u = -u - 33. Let i = u - -23. List the prime factors of i.
2, 3
Suppose -3 = 2*o + o, -2*o + 132 = 2*v. Let k = 120 - v. Suppose r = h + 13, -4*r - h + k - 21 = 0. List the prime factors of r.
3
Let o = 8 - 1. List the prime factors of (1 + 0)/(o/336).
2, 3
Let b(w) = -3*w + 3. Let p(c) = c. Let a(r) = -b(r) - p(r). What are the prime factors of a(3)?
3
Let h(x) be the third derivative of -x**4/24 + 4*x**3/3 + x**2. Let s = 14 + -9. What are the prime factors of h(s)?
3
Suppose -2*m - 1363 + 99 = -4*b, 3*b - 922 = -5*m. What are the prime factors of b?
2, 157
Let v(n) = 4*n - 1. Let t be v(-1). Let c be 12*(-4)/3*(-2 - -1). Let f = c - t. What are the prime factors of f?
3, 7
Let l = -12 + 52. What are the prime factors of l - (-1 - (-9 - -4))?
2, 3
Suppose 2*w + 27 = -1. Let d be 4/w - (-1644)/21. List the prime factors of ((-1)/3)/((-2)/d).
13
What are the prime factors of 7*((-16)/4 - -6)?
2, 7
Suppose 12 = 4*z - z, -3*d + 109 = -2*z. What are the prime factors of d?
3, 13
Let a(p) = -4*p**3 + 3*p**2 - 7*p + 45. Let x(g) = -3*g**3 + 2*g**2 - 5*g + 30. Let t(k) = 5*a(k) - 7*x(k). List the prime factors of t(0).
3, 5
Let y(c) = c**2 + 5*c + 4. Let a be y(-3). Let z be a/8 - 14/8. List the prime factors of (1 + z)*(-15)/1.
3, 5
Suppose -9*m + 560 = -2*m. List the prime factors of m.
2, 5
Let q(h) = 2*h - 1. Let j be q(-1). Let s(i) = -i**3 - i**2 - i + 3. List the prime factors of s(j).
2, 3
Let r(m) = 5*m**2 - 3*m. What are the prime factors of r(3)?
2, 3
Let o(y) = 10*y**3 - 2*y**2 + y. Let i be o(1). Let x = -10 + i. Let b(w) = -20*w - 1. List the prime factors of b(x).
19
Let m be (-4)/22 + 303/33. Suppose -4*t = -t - m. What are the prime factors of (t/(-1))/(-6)*20?
2, 5
Suppose 72 = 5*n - 3*n + r, 5*r - 20 = 0. List the prime factors of n.
2, 17
Let h = -2 + 4. Let f be h/(3 + 15/(-6)). Suppose -g + 12 + f = -5*b, 2*b - 2 = -g. List the prime factors of g.
2, 3
Suppose 0 = -7*m + 11*m - 44. Let d = m + 11. What are the prime factors of d?
2, 11
Suppose 2*g + 8 = 2*b + 2*b, -4*b + 32 = 2*g. Suppose 4*a - 5 = -5*t, a - g*a - 2*t = -2. Suppose a = -0*u + 4*u - 44. What are the prime factors of u?
11
Suppose 7*h = 5*h. Suppose j - 2*c + 5 = 0, 0 = 2*j - h*c - 3*c + 6. Suppose -j*u + u + 28 = 0. List the prime factors of u.
2, 7
Suppose 3 = 3*z - 5*k, -k - 8 = -5*z - 3. Let l be ((1 - 2) + 0)*0. Suppose 5*i - 5*n = l, -6 = -2*i + n - z. List the prime factors of i.
5
Suppose n - 6*n = -40. Let s = -6 + n. Suppose 0 = 2*q - 3*q + s*d + 2, -2*q = d - 24. What are the prime factors of q?
2, 5
Suppose -4*g - 300 = -9*g. List the prime factors of g.
2, 3, 5
Let m(z) = z**2 - 2*z - 1. Suppose -d - x = 9 + 1, -3*x = 4*d + 35. Let r = 3 + d. List the prime factors of m(r).
7
Let f(r) = 2*r - 5*r + 2 + 4*r + 5. Let l be 2/(-9) + 130/18. What are the prime factors of f(l)?
2, 7
Let n(w) = -w - 14. Let c be n(-8). Let v(z) = 4*z + 3. Let p(u) = -11*u - 8. Let j(l) = c*p(l) - 17*v(l). What are the prime factors of j(-6)?
3
Let d be ((-5)/(-15))/((-1)/(-9)). Suppose 0 = -5*x - q + 1 + 30, -d*x + 13 = -5*q. List the prime factors of x.
2, 3
List the prime factors of (-75)/(-4)*144/27.
2, 5
Suppose 41 = 6*w - 7. List the prime factors of w.
2
Let s(l) = -l**3 - l**2 - l + 2. List the prime factors of s(-3).
23
Suppose 0 = -2*g + 5*h + 35, -5*g + g = -h - 25. Suppose -5*l = -l + 4*t - 44, -4*l - g*t + 49 = 0. What are the prime factors of l?
2, 3
Suppose 36 = 4*d - 5*i, -d + 62 = 2*d + 5*i. Suppose -3*h + 31 = -d. List the prime factors of h.
3, 5
Suppose 3*o - 531 = 216. List the prime factors of o.
3, 83
Let l(o) be the third derivative of o**5/60 - 3*o**4/8 + 2*o**3 - 2*o**2. Let y be 2 + (16 - 2)/2. What are the prime factors of l(y)?
2, 3
Let b(s) = 4*s**2 - 6*s + 6*s. Let v be b(1). Suppose 2*h - 6 - 20 = -v*w, w - 3*h - 24 = 0. List the prime factors of w.
3
Suppose -4*y + 9 = -y. Let c be (-2)/y*(-6 + 3). Suppose -3*x = c*x - 50. What are the prime factors of x?
2, 5
Let h(w) = -w + 2. Let i be h(0). Suppose 3 = z + i*o - 5, -26 = -4*z - 2*o. List the prime factors of z.
2, 3
Suppose -i + x + 5 = 0, 5*i = 2*x - 0*x + 10. Let r(j) = -2*j**3 + 7*j**3 + i*j**3. What are the prime factors of r(1)?
5
Let y = 1 + 0. Suppose -5*b + 3*m + 140 = 18, y = m. Suppose -4*z = z - b. What are the prime factors of z?
5
Let d = -8 - -13. Suppose -9 = -d*m + 1. Suppose 3*w = 38 - m. List the prime factors of w.
2, 3
Let w(z) = z**2 - 3*z. Let t be w(5). Suppose l + 0*l - 50 = 0. List the prime factors of l/4 - 5/t.
2, 3
Let q(v) = 3*v**2 - 4*v. List the prime factors of q(5).
5, 11
Suppose 0 = -3*w - 0*w + 6. Suppose -5*c = 3*s - 9 - 8, -3*s + 5 = w*c. List the prime factors of c.
2
Let k = -84 - -119. What are the prime factors of k?
5, 7
Let g(u) be the second derivative of u**4/12 - u**3/3 - 3*u**2/2 - 3*u. Let l be g(-3). Suppose 4*d - 58 - 22 = -4*s, -s + d = -l. List the prime factors of s.
2
Let z be -1*(-1 - 0)*-13. Let g = -1 - z. List the prime factors of g.
2, 3
Let m(s) = 16*s. Let t = -15 + 16. List the prime factors of m(t).
2
Suppose 104 + 4 = -3*w. Let m = -22 - w. List the prime factors of m.
2, 7
Suppose -18 = 3*v - 270. List the prime factors of v.
2, 3, 7
Let v(m) = -10*m + 5. List the prime factors of v(-12).
5
Let y(l) = -16*l + 11. What are the prime factors of y(-6)?
107
Let v be 7 - (0 + -1)/(-1). Suppose 4*c + v = o, -3*o + 5*c = 7 - 46. What are the prime factors of o?
2, 3
Let u = -22 + 24. Suppose u - 14 = -3*s. What are the prime factors of s?
2
Let a(p) = -p**2 + p + 3. Let o(u) = -u**2 + u. Let i(w) = a(w) - 2*o(w). What are the prime factors of i(4)?
3, 5
Let g(c) = 3*c**2 - 4*c + 2. Let f be g(2). Let i be (3/(-1))/(6/(-88)). Suppose 0 = -4*y + q + i, -4*q = 4*y - f*q - 48. What are the prime factors of y?
2, 5
Suppose -5*a + 100 = 5*i, 2*i - a = a + 40. Suppose -5*v = -4*h - h - 35, -4*v + i = 4*h. Let j(r) = 4*r - 8. List the prime factors of j(v).
2
Suppose 0*p + 3*p = -33. Suppose 4*m + 0*k + k - 78 = 0, -74 = -4*m - 3*k. Let q = m + p. List the prime factors of q.
3
Let i = 192 - 128. What are the prime factors of i?
2
Let q(m) = -m**3 - 3*m**2 - 3*m + 2. What are the prime factors of q(-5)?
67
Let m be 5/30 + 359/6. Suppose -g + m = g. List the prime factors of g.
2, 3, 5
Let m(j) = -j**3 - 5*j**2 + j - 2. Let b be m(-5). Let o(u) = -u**2 - 9*u - 9. Let p be o(b). Suppose 15 = p*f - 15. What are the prime factors of f?
2, 3
Suppos